r - 78 = t*r. What is s(r)?
6
Let z be (((-270)/(-12))/15)/((-3)/(-16)). Let v(l) = -2*l + 20. Determine v(z).
4
Let o(u) = -u**3 + 4*u**2 + u - 3. Let a be o(4). Let r(v) be the second derivative of -13*v**5/20 - v**4/12 + v**2/2 - 1219*v. What is r(a)?
-13
Let w be 4 - (-1)/(1 - 1 - -1). Let n(p) = 9*p**2 + 3*p + 1. Let u(d) = 11*d**2 + 3*d + 1. Let q(x) = -6*n(x) + 5*u(x). What is q(w)?
9
Let g(a) = -a**2 + a + 6. Let b(j) = -j**2 + 5. Let i(y) = -3*b(y) + 4*g(y). Let q(w) be the first derivative of i(w). What is q(4)?
-4
Let f(z) = -z**2 + 8*z + 5. Let u be f(8). Suppose 5*h = -59 + 109. Suppose t = -4*a + 3 + u, -h = -5*a. Let m(s) = -s**3 + s**2 - s + 6. What is m(t)?
6
Suppose -41*a + 69 = -54. Let n(r) = r**3 - 5*r**2 + 5*r - 4. Determine n(a).
-7
Let f(a) = -25 + 12*a**2 + a**3 + 40 + 13*a - 2. Determine f(-11).
-9
Let i(f) = -f - 4. Let w(l) = 10*l - 38. Let u(p) = 21*p - 75. Let m(g) = 6*u(g) - 13*w(g). Let d be m(11). What is i(d)?
-4
Let t be 9/(-1)*10/(-30). Suppose -t*m - 1 + 10 = -3*f, 5 = f - 5*m. Let v(z) = -z - 60*z**2 + 2*z + 4*z + 61*z**2. Calculate v(f).
0
Let h(o) = 93*o. Let k(v) = -116*v - 1. Let r(i) = 5*h(i) + 4*k(i). Suppose -4*f = -2*c + c + 15, -4*f - 20 = 0. Give r(c).
-9
Suppose 0 = 5*q - 4 - 6. Let l(c) = -69*c**3 + 8*c**2 - 9*c + 5. Let a(o) = -17*o**3 + 2*o**2 - 2*o + 1. Let h(z) = q*l(z) - 9*a(z). Determine h(1).
14
Let b(h) = -13*h + 1. Let x = 227 - 225. Give b(x).
-25
Suppose -4*w - 4 = -32. Let h be (-2)/6*(2 + w). Let p(t) = t - 1. Let i(c) = -3*c + 3. Let v(n) = 4*i(n) + 14*p(n). Calculate v(h).
-8
Let m(y) be the second derivative of -y**4/12 - 7*y**2 - 5*y. Suppose 0 = -48*u + 57*u. Determine m(u).
-14
Let u(c) = -c - 7. Let j = -14 + 21. Suppose 2*o = o - 3*r - j, 23 = -5*o - 3*r. Give u(o).
-3
Let t(p) be the first derivative of p**4/4 + 7*p**3/3 - 5*p**2 + 104. Calculate t(-8).
16
Suppose -5*j + 3 = -3*a, -5*j + 4*a = -3 + 4. Let s(t) = -2*t + j*t**2 - 6*t**2 - t**3 + 5*t**2 + 2. Calculate s(2).
-2
Let t(i) = i**3 - 15*i**2 - 12*i - 23. Let u be (-160)/25*(-1 - (-12)/(-8)). Calculate t(u).
41
Let r(x) = -x**3 - 11*x**2 - 13*x - 1. Let n(i) = -i**3 - 5*i**2 - 6*i - 1. Let f(m) = 5*n(m) - 2*r(m). Let a = 82 - 84. What is f(a)?
17
Suppose 5*d = -5*u + 5, d + 0 = 5*u + 1. Let x(h) be the third derivative of 0 + 0*h**3 + 4*h**2 + 0*h + 1/24*h**6 - 1/24*h**4 + u*h**5. What is x(-1)?
-4
Let r(p) be the third derivative of p**8/20160 - p**7/1008 + p**6/360 + p**5/15 - 9*p**2. Let f(i) be the third derivative of r(i). What is f(5)?
2
Let b be ((-6)/(-4))/(12/16). Let u(i) = -i - b + 1 - i - i**2 + 3. Determine u(-3).
-1
Let m = -11 + 14. Suppose 4*c = -5*i - 6, 0*i + c = -m*i + 2. Let x(s) = 2*s**2 + 10*s**3 - 2 + 0 - 11*s**3 + s**2. Calculate x(i).
2
Let h(k) be the first derivative of -7*k**3/3 - 5*k**2/2 + 10*k + 17. Let f(n) = -20*n**2 - 15*n + 29. Let d(w) = 6*f(w) - 17*h(w). Give d(-6).
-2
Suppose -4*g = 5*o + 29, 0*g + 2*g + 7 = 5*o. Let p(q) = -2*q + 4. Determine p(g).
16
Let t(p) = p**2 - 3*p - 15. Let f be 3*(-4 + 38/6). Give t(f).
13
Let r(p) be the second derivative of p**3/2 + 3*p**2 - 14*p. Let c be (3 - (-5 - 0))/2. Let q(a) = -3*a + 6. Let t be q(c). What is r(t)?
-12
Suppose -198 = -308*x + 1342. Let m(y) be the first derivative of y**3/3 - y**2 + 5*y - 1. What is m(x)?
20
Let g(f) be the third derivative of f**4/24 + 11*f**3/3 - 2*f**2. Let c(j) = j + 15. Let k(b) = -7*c(b) + 5*g(b). Let v = -17 - -23. What is k(v)?
-7
Let m(r) = -5*r. Suppose 2*l - 2*d + 1 = -1, 0 = -2*l - 4*d + 16. Calculate m(l).
-10
Suppose 32 = 47*m - 31*m. Let l(p) be the first derivative of 4 + 1/3*p**3 - p + 0*p**m - 3/2*p**4. Determine l(1).
-6
Let t(z) be the third derivative of -z**4/24 - 7*z**3/6 + 3389*z**2. Suppose -d + k = 7, -2*d + 4*k - 18 = -0*k. Determine t(d).
-2
Let f = 20 - 17. Suppose -f*a + 30 = -27. Suppose 3*c + a - 10 = 0. Let t(x) = x**2 + 2*x - 1. Give t(c).
2
Let a be ((-126)/12)/7*-4. Let c(v) be the third derivative of 1/6*v**3 + 1/12*v**4 + 0*v + 2*v**2 + 0 + 1/24*v**a + 0*v**5. Determine c(-1).
-6
Let o(h) = h - 1. Let u(a) = 6*a - 5. Let p(m) = 3*o(m) - u(m). Let y = 1540 + -1544. Calculate p(y).
14
Let r(m) be the second derivative of 7/12*m**4 + 0 + 10*m - 2*m**2 + 1/3*m**3 - 1/20*m**5. Determine r(7).
10
Let k(f) = 2*f**2 + 8*f + 8. Let r be (-583)/99 + (-6)/54. Give k(r).
32
Let p(o) be the first derivative of -1/3*o**3 - 5/2*o**2 - 21 + o. What is p(-5)?
1
Let q(j) be the first derivative of -j**4/4 + 10*j**3/3 + 11*j**2/2 - 5*j - 93. Calculate q(11).
-5
Let r(o) = -3*o - o - o**3 + 4 + 8*o + 0*o + 0*o + 6*o**2. Determine r(7).
-17
Suppose -5*v = -3*s - 61, -4*v - 5*s = v - 85. Let y(a) = -a**2 - 6 - 6 + v + 2*a**2. What is y(-4)?
18
Let z(w) = -2*w - 12. Suppose -r = -0*y + y + 10, r = -5*y - 14. What is z(r)?
6
Let r(v) be the first derivative of v**4/4 - 4*v**3/3 - 2*v**2 - 3*v - 1. Suppose u - 2*u = 0. Let j = u - -5. Calculate r(j).
2
Let b(s) be the second derivative of -s**5/20 + s**4/12 + 3*s. Let t(i) = -i**3 - 7*i**2 - 11*i + 4. Let w be t(-6). Suppose 2*g = -15*g + w. Calculate b(g).
-4
Suppose -5*m + 6 = 4*g - 2, -4 = 3*m - 2*g. Let z(b) = b + 14. Let q(l) = l + 12. Let v(t) = 6*q(t) - 5*z(t). Give v(m).
2
Let g(b) = b**2 - 8*b - 17. Let h be g(10). Let y(m) = m**3 + 21*m**2 + m + 0*m - 7 - 27*m**2 - h*m. Determine y(6).
-19
Let t = 2 - 3. Let m(x) = 3 - 5*x - 3*x**2 + 0*x**2 + x**2 - 9*x**2. Let y(q) = -22*q**2 - 9*q + 5. Let u(p) = 7*m(p) - 4*y(p). Give u(t).
11
Let h(x) = 3*x - 31. Let w = 646 - 630. Determine h(w).
17
Let g(r) be the third derivative of r**4/24 + r**3/6 - 199*r**2 - r. What is g(-2)?
-1
Let w(o) be the first derivative of o**7/840 - o**6/120 - o**5/24 - o**4/12 + 7*o**3/3 - 1. Let s(h) be the third derivative of w(h). Determine s(4).
-6
Let f(t) = 4*t**3 + t**2 - 8*t + 13. Let x(z) = 5*z**3 - 9*z + 14. Let m(o) = 6*f(o) - 5*x(o). Determine m(6).
-10
Suppose -5*t + 0 = 3*b - 7, 0 = -4*b + 16. Let h(s) be the third derivative of -s**4/4 - s**2. Determine h(t).
6
Let r(o) be the first derivative of 1/24*o**4 + 0*o + 1/40*o**5 + 0*o**2 + 4/3*o**3 + 2. Let w(k) be the third derivative of r(k). Give w(1).
4
Suppose 8 = p + 6. Let s(f) be the second derivative of 1/2*f**2 + 0 - 6*f + 1/20*f**5 - 1/6*f**4 - 1/6*f**3. What is s(p)?
-1
Let p(x) = 3*x - 4. Suppose -2*h + 20 = 4. Let a = h - 4. Let f = a - 1. Give p(f).
5
Let a(v) be the second derivative of 7*v**4/12 + v**3/6 - v**2/2 + 2*v + 1. Give a(1).
7
Let d(j) be the third derivative of j**4/8 - 67*j**3/6 - 760*j**2. Give d(22).
-1
Let f(a) = -a**3 - 3*a**2 + 2*a + 4. Let j(w) = -2*w + 11. Let z(r) = -2*r**2 + 36*r + 7. Let o be z(18). Let l be j(o). Give f(l).
-2
Let a(l) = l**3 - 6*l**2 + 5*l - 5. Let w be a(5). Let s = -2 - w. Let k(p) = 4 - s - 2 + p. What is k(-6)?
-7
Let h(t) = -t**3 + 6*t**2 - 5*t - 4. Let z(d) = -d**2 - 4*d + 1. Let k be z(-3). Let a be (24/15)/(k/10). What is h(a)?
8
Let p(f) = 1. Suppose 3*n = -2*n - b - 2, -4*n = -4*b + 16. Let v(g) = 2*g**2 - 3 + g - 6*g**2 + 3*g**2 + 2*g**2. Let i(a) = n*v(a) - 2*p(a). What is i(2)?
-5
Let x be -1*(-22)/(-16) + (-30)/(-80). Let y(l) = -28*l. Determine y(x).
28
Suppose 9*p - 4*p = -14*p. Let b(i) = -2*i - 7. Let t be b(-6). Let o(a) = -5 + t + p + 2*a - 1. Calculate o(2).
3
Let t(s) = 6*s**3 - 16*s**2 - 6*s + 14. Let k(z) = z**3 - 3*z**2 - z + 1. Let l(q) = 5*k(q) - t(q). Give l(0).
-9
Let x(c) = c**3 - 3*c**2 - 4*c. Let t(v) = 2*v + v**3 - 11*v**2 + 0*v**3 - 5*v**2 + 10 + 19*v**2. Let l be t(-3). Determine x(l).
0
Let z(u) = 6*u - 2. Let j(y) = -8*y + 3. Let a(o) = 5*j(o) + 7*z(o). Let h be (16/(-20))/(4/(-110)). Suppose 2*x = -2*x - 3*p - 14, -h = 4*x - p. Give a(x).
-9
Let h = 31 - 30. Suppose w = r - 1 + 9, -5*w + 19 = 2*r. Let g(u) = -3*u + w*u**2 + 2*u - h - 2*u**3 + 3*u**3 - 6*u. Give g(-6).
5
Suppose -10*x + 61 = 81. Let p(b) = 15*b. Determine p(x).
-30
Suppose 4*o - 1297 = 3. Let s be o/(-75) + (-4)/6 + 1. Let f(z) = z**3 + 5*z**2 + 4*z - 3. What is f(s)?
-3
Let l be 3/((-3)/2) + 0. Let s(y) = -12*y + 34. Let n(o) = 4*o - 13. Let u(m) = -8*n(m) - 3*s(m). Determine u(l).
-6
Let r(d) = 2*d**3 + 25*d**2 + 12*d - 9. Let s be -3 - (12 - (2 + -1)*3). Give r(s).
-9
Suppose 5*s + 15 = -5*k, 0 = s + k - 2*k + 3. Let g be -1 + 3*4/s. Let 